a. Calculate the greatest common factor of d and 10.
5
Let q = 4 + -2. Suppose q*r - 4*r + 36 = 0. What is the greatest common factor of 2 and r?
2
Suppose -3*z + 9 = 6. Calculate the greatest common divisor of 1 and z.
1
Let z(l) be the second derivative of l**3/3 - 9*l**2/2 - 4*l. Let b be z(12). Calculate the greatest common divisor of 15 and b.
15
Suppose -z - 61 - 86 = 0. Let i = z - -266. Let d = 28 - 11. What is the greatest common divisor of i and d?
17
Let c be -131 + -6*3/6. Let z be 2 + -5 - (c + 6). What is the greatest common divisor of z and 25?
25
Let k = -2 - -5. Suppose 3*l - 30 = 3*p, 3*l + 4 - 10 = 0. Let s be 365/k + p/12. Calculate the greatest common factor of 11 and s.
11
Let s be (3*65 - -2) + -2. Suppose -4*w = -381 - s. Calculate the greatest common factor of w and 18.
18
Suppose 0 = a + 4*f + 10, 3*f - f - 40 = -5*a. Let s be (21 + 1)/((-2)/(-4)). Suppose 0 = 2*l - 6 - s. Calculate the highest common factor of a and l.
5
Let b(j) = 2*j**2 + 17*j + 8. Let o be b(-8). Let k = 7 - o. Calculate the highest common factor of 7 and k.
7
Let o be ((-689)/(-7) - (-18)/(-42)) + 0. Calculate the greatest common divisor of o and 14.
14
Let i(x) = x**2. Let u be i(4). Suppose 2*c = -0*c - 4*k + 216, 5*k - 438 = -4*c. Calculate the highest common factor of c and u.
16
Let c be 22*(-3)/(-6)*7. Suppose -j + 6*j - 3*v = 1, 25 = 5*j + 5*v. Let i = 9 - j. What is the highest common divisor of i and c?
7
Let h(v) = -25*v**2 - v + 1. Let q be h(1). Let n = q - -45. Suppose 0*g - n = -2*g. What is the greatest common divisor of g and 80?
10
Let w(j) be the second derivative of -27*j**5/20 + j**4/12 - j**3/3 - j**2 + 4*j. Let x be w(-1). Calculate the highest common factor of 84 and x.
28
Let u be (-4)/6 - 84/9. Let c be 2/(-5) - 184/u. Calculate the greatest common factor of 6 and c.
6
Let u be (1 - 5/3)*-21. Let h = 161 + -159. What is the greatest common divisor of u and h?
2
Suppose 4 = p - 2*o - 9, p - 17 = 3*o. What is the greatest common divisor of 15 and p?
5
Suppose 2*c - 8 = 0, -5*o + c - 1 - 48 = 0. Let m = -7 - o. Suppose 0 = -m*k - 0*k + 10. What is the greatest common factor of 10 and k?
5
Suppose -120 = 8*n - 5*n. Let s = -10 - n. Let o = 2 + 3. What is the highest common divisor of s and o?
5
Let h = 397 - 280. Let n be (2/6)/(3/h). Calculate the highest common factor of 26 and n.
13
Let y be (-2)/(-4) + (-7)/(-2). Suppose -14 = -y*l + 3*l. Calculate the greatest common factor of l and 56.
14
Suppose -4*h - 3*d = d - 16, 0 = h - 5*d - 4. Let z be -1 + h - 1*2. Let l = 14 - z. Calculate the greatest common divisor of l and 26.
13
Let m = -50 - -29. Let i be m/(-2)*14/21. What is the highest common divisor of 7 and i?
7
Suppose -45 = -3*z - 2*z. Let m be 2/(-6) + (-2)/(-6). Suppose u + 3*u - 5*h - 88 = m, 8 = 2*h. Calculate the highest common factor of z and u.
9
Suppose 0 = -b + 8 + 7. What is the highest common divisor of b and 135?
15
Let r be ((-9)/6)/((-68)/(-80) - 1). Calculate the greatest common factor of 15 and r.
5
Suppose 7*a - 183 = 13. Let y be ((-5)/2)/((-2)/56). What is the highest common divisor of y and a?
14
Let o be 2/7 - (-477)/21. What is the highest common divisor of o and 115?
23
Let h(o) = o**3 + o**2 + o. Let p be h(2). Let r(i) = 4*i**2 + 3*i. Let f be r(-6). What is the highest common divisor of p and f?
14
Let c = -16 + 106. Suppose 30 + 20 = 5*h. Calculate the greatest common factor of c and h.
10
Let s = 118 + -116. What is the highest common factor of 16 and s?
2
Let o be 1/3 + 104/3. Suppose -3*u - 2*u + 5*t + 75 = 0, 2*t + 2 = 0. Calculate the greatest common factor of u and o.
7
Suppose -10 = 2*w, -5*u - 2*w + 11 + 74 = 0. Suppose 0 = 2*o - 60 - 282. What is the greatest common factor of o and u?
19
Suppose c - 30 = -5*i, -2*c - i - 3 = -36. Calculate the greatest common divisor of 165 and c.
15
Let x be 8/3*(0 - -6). Suppose 4*m + 5*z + 7 = 0, 4*z - 11 = -4*m + 5*z. What is the highest common factor of x and m?
2
Let d(t) = -t**3 - 26*t**2 - 25*t + 27. Let s be d(-25). What is the greatest common factor of 108 and s?
27
Let d(b) = b + 4. Let u be d(-4). Let g = -31 - -33. Suppose g*q - 120 - 60 = u. Calculate the highest common divisor of q and 36.
18
Let v be (-3 + (-40)/(-12))*(80 + 1). Calculate the greatest common factor of v and 1.
1
Suppose -k - 3*b + 8 = -19, -2 = 2*b. What is the greatest common divisor of k and 10?
10
Let c be 14 - 0/(-7 - -2 - -4). Let p be ((-14)/4)/((-1)/16). Calculate the greatest common divisor of c and p.
14
Let d = 509 + -355. Suppose -2*k = -67 - 31. Let y = -35 + k. Calculate the greatest common divisor of d and y.
14
Let w(c) = -c + 6. Let u be w(-8). Let r be 132/28 - 4/(-14). Suppose 4*y + 112 = k, 10 + 102 = k + r*y. What is the highest common divisor of k and u?
14
Let y be (-3)/18 - 7/(126/(-759)). Calculate the greatest common factor of 18 and y.
6
Suppose -3*k + n + 9 = -k, 0 = 3*k - 2*n - 16. Suppose a + a = -12. Let r = a + 14. What is the highest common divisor of k and r?
2
Let k = 40 - 20. Let c(a) = 5*a**3 + a + 1. Let j be c(-1). Let t be 202/5 + 2/j. Calculate the greatest common divisor of k and t.
20
Let v(d) = -12*d - 5. Let w be v(-2). Let c = w + 5. Let l(k) = k**2 + k + 4. Let t be l(-4). What is the highest common divisor of c and t?
8
Let d be (-12)/1*((-44)/(-12))/(-11). Calculate the greatest common divisor of 1 and d.
1
Suppose -2 = s - 4, 4*s = 4*h - 88. What is the greatest common divisor of h and 3?
3
Let k(b) = b**3 + 2*b**2 - 2*b. Let i be k(2). Let g be (-16)/10*(-5)/(-2) - -22. What is the greatest common divisor of i and g?
6
Suppose 0 = -4*v + h - 3*h - 18, -v - 3 = -h. Let o = -6 - v. Let t be (-4 - 0)/o - -18. What is the greatest common divisor of 5 and t?
5
Suppose j = -3*j + 8. Suppose 0 = -j*w + w + 48. Calculate the greatest common factor of 6 and w.
6
Suppose k - 120 = -7*k. Calculate the greatest common divisor of k and 135.
15
Let h be (0/((-2)/2))/2. Suppose 0*p - p - 5 = h, -m - 20 = 4*p. Let o be 2 + -1 + (1 - m). What is the highest common divisor of o and 12?
2
Let h be 1 + (-1 - 1/(-1)). What is the highest common factor of 2 and h?
1
Let l = -411 + 208. Let p = -113 - l. What is the greatest common factor of p and 18?
18
Let n = -10 - -18. Let k = 0 + n. What is the highest common divisor of k and 16?
8
Suppose 10 = 4*o + o. Suppose l - 4*x = 274, 7*l - 1445 = o*l - 5*x. What is the highest common factor of l and 26?
26
Suppose 0 = -l - 3*l + 280. What is the highest common factor of 14 and l?
14
Suppose -5*s - 2*w = 29, -3*s - 2*w = 3*w + 25. Let y(v) = v**3 + 6*v**2 + v - 7. Let q be y(s). What is the highest common divisor of 104 and q?
13
Suppose -7*f + 264 = -4*f. Calculate the highest common divisor of f and 11.
11
Suppose -4*o + 5*o + 192 = 0. Let w be 1 - (o + (2 - 5)). What is the highest common factor of w and 28?
28
Suppose -5*m = 5*f - 5, -5*f - m + 4*m = -5. Let q(t) = 2*t - 4. Let g be q(4). Calculate the greatest common factor of f and g.
1
Suppose 8 = 3*c - 2*v, -5*c + 2*v + 1 = -15. Let f = -2 + c. What is the greatest common divisor of 6 and f?
2
Suppose -26 = -3*a + 5*q, q = 2*a + 5*q + 12. Suppose h - 2*c + 6*c = 32, -a*c + 2 = 0. Suppose -3*d - 12 = -6*d. What is the greatest common factor of d and h?
4
Let y = -11 - -21. Let p(f) = 2*f + 1. Let c be p(2). What is the highest common divisor of y and c?
5
Let w(p) = p**2 - 15*p + 8. Let j be w(-4). Let v = 34 + -13. What is the highest common factor of j and v?
21
Let b be (-2)/3 - (-57)/(-9). Let f be 12 - b/(28/(-8)). What is the greatest common divisor of 20 and f?
10
Suppose -41 = -h + 47. Let l = -17 - -11. Let c(o) = -o**2 - 6*o + 8. Let d be c(l). Calculate the highest common factor of h and d.
8
Suppose n = 3*k + 38, 9 = -4*k + 5*k + 4*n. Let w = k + 20. Let o(t) = -t**2 + 7*t - 1. Let v be o(5). Calculate the highest common factor of v and w.
9
Suppose 4*b = -0*b - 888. Let g = -60 - b. Suppose 4*n - 5*c - 660 = 0, -n + g + 18 = -5*c. Calculate the greatest common factor of 16 and n.
16
Let x be 2 - 156/(-11) - 2/11. What is the greatest common divisor of 24 and x?
8
Let g(f) = -8*f**3 + f**2 - 1. Let z be g(-1). Suppose 0 = -4*u + u. Suppose 5*w + u*w = 320. What is the greatest common factor of z and w?
8
Let i(k) = -k*